1
What is the highest common divisor of 2 and 98?
2
Calculate the greatest common divisor of 3910 and 92.
46
Calculate the greatest common factor of 20 and 245.
5
Calculate the highest common factor of 8 and 5504.
8
Calculate the highest common divisor of 240 and 1320.
120
Calculate the highest common factor of 27325 and 75.
25
What is the greatest common factor of 3577 and 49?
49
What is the highest common factor of 2 and 2779?
1
What is the highest common factor of 336 and 944?
16
What is the greatest common factor of 171 and 27?
9
Calculate the greatest common divisor of 60284 and 56.
28
What is the highest common factor of 1386 and 44?
22
What is the highest common factor of 3264 and 24?
24
Calculate the greatest common factor of 8300 and 200.
100
What is the highest common divisor of 104 and 1534?
26
Calculate the highest common divisor of 24 and 4242.
6
Calculate the highest common divisor of 524 and 44.
4
What is the greatest common divisor of 748 and 340?
68
Calculate the highest common factor of 175 and 100.
25
Calculate the greatest common factor of 12 and 1020.
12
Calculate the greatest common factor of 3 and 129.
3
Calculate the highest common factor of 11 and 286.
11
What is the highest common factor of 174 and 2349?
87
Calculate the highest common factor of 56 and 37520.
56
What is the highest common divisor of 416 and 598?
26
What is the greatest common divisor of 133 and 35?
7
Calculate the highest common divisor of 330 and 320.
10
What is the highest common divisor of 1035 and 115?
115
Calculate the highest common factor of 23 and 4140.
23
What is the greatest common divisor of 70 and 924?
14
What is the greatest common divisor of 1392 and 96?
48
What is the greatest common factor of 416 and 143?
13
Calculate the greatest common factor of 1568 and 128.
32
Calculate the highest common divisor of 258 and 903.
129
What is the greatest common divisor of 261 and 435?
87
Calculate the highest common factor of 2501 and 41.
41
What is the highest common divisor of 3136 and 64?
64
Calculate the highest common divisor of 168 and 476.
28
What is the greatest common factor of 21 and 567?
21
What is the greatest common factor of 378 and 14?
14
Calculate the greatest common divisor of 135 and 14067.
27
Calculate the greatest common divisor of 61 and 1.
1
What is the greatest common factor of 5 and 2315?
5
Calculate the greatest common factor of 50 and 2550.
50
What is the greatest common factor of 310 and 5?
5
Calculate the highest common factor of 175 and 10.
5
Calculate the greatest common divisor of 47 and 1.
1
Calculate the greatest common factor of 128 and 32.
32
Calculate the greatest common divisor of 3522 and 84.
6
Calculate the greatest common factor of 84 and 196.
28
What is the highest common divisor of 14 and 259?
7
Calculate the highest common factor of 54 and 4.
2
What is the highest common divisor of 183 and 671?
61
What is the highest common factor of 455 and 10?
5
What is the highest common divisor of 13 and 2119?
13
What is the greatest common divisor of 34 and 153?
17
Calculate the greatest common divisor of 143 and 55.
11
Calculate the greatest common factor of 28 and 546.
14
What is the highest common divisor of 656 and 128?
16
Calculate the greatest common factor of 2024 and 11.
11
What is the highest common factor of 1968 and 123?
123
What is the highest common divisor of 48 and 138?
6
What is the highest common factor of 84 and 12?
12
Calculate the highest common divisor of 560 and 120.
40
Calculate the highest common divisor of 477 and 5088.
159
What is the greatest common factor of 46 and 115?
23
Calculate the highest common factor of 4609 and 11.
11
What is the greatest common factor of 8376 and 48?
24
Calculate the greatest common divisor of 59 and 236.
59
What is the greatest common factor of 165 and 75?
15
What is the highest common factor of 400 and 25?
25
Calculate the greatest common factor of 33 and 1419.
33
Calculate the highest common factor of 18 and 1314.
18
What is the highest common divisor of 5 and 1080?
5
Calculate the highest common factor of 78 and 54.
6
Calculate the highest common factor of 3278 and 9238.
298
What is the greatest common divisor of 129 and 215?
43
Calculate the greatest common divisor of 3692 and 104.
52
Calculate the greatest common factor of 1008 and 144.
144
What is the greatest common divisor of 5352 and 36?
12
Calculate the greatest common factor of 76 and 1024.
4
What is the highest common divisor of 24 and 1338?
6
What is the greatest common divisor of 306 and 306?
306
What is the greatest common divisor of 525 and 435?
15
What is the highest common divisor of 221 and 3757?
221
Calculate the highest common divisor of 54 and 522.
18
Calculate the greatest common factor of 24 and 1416.
24
Calculate the greatest common factor of 3072 and 1632.
96
Calculate the highest common factor of 12427 and 578.
289
Calculate the highest common divisor of 2001 and 46.
23
Calculate the greatest common divisor of 20185 and 55.
55
Calculate the highest common divisor of 119 and 2261.
119
Calculate the greatest common divisor of 3045 and 29.
29
What is the greatest common factor of 32 and 272?
16
What is the highest common factor of 2403 and 12?
3
Calculate the highest common divisor of 60 and 42.
6
What is the greatest common divisor of 123 and 4223?
41
Calculate the highest common divisor of 30 and 2310.
30
What is the highest common factor of 20 and 7340?
20
What is the highest common divisor of 171 and 27?
9
What is the greatest common divisor of 22 and 51766?
22
What is the greatest common divisor of 187 and 66?
11
Calculate the highest common factor of 18 and 25794.
18
What is the highest common factor of 360 and 135?
45
Calculate the highest common divisor of 67 and 4489.
67
What is the highest common divisor of 11 and 55?
11
Calculate the greatest common divisor of 21 and 3.
3
What is the highest common divisor of 1302 and 21?
21
Calculate the highest common factor of 33 and 363.
33
Calculate the highest common divisor of 10530 and 2160.
270
Calculate the greatest common divisor of 288 and 2784.
96
What is the greatest common divisor of 256 and 24?
8
What is the greatest common factor of 406 and 17255?
203
What is the greatest common factor of 20 and 4150?
10
Calculate the highest common factor of 15 and 775.
5
What is the greatest common factor of 2583 and 63?
63
What is the greatest common factor of 65 and 13?
13
Calculate the highest common divisor of 1215 and 45.
45
What is the highest common factor of 2074 and 244?
122
What is the greatest common factor of 96 and 1176?
24
Calculate the highest common divisor of 33 and 25157.
11
What is the greatest common divisor of 45 and 30?
15
Calculate the greatest common factor of 1466 and 4.
2
Calculate the greatest common factor of 126 and 798.
42
What is the greatest common factor of 262 and 9825?
131
What is the greatest common factor of 56 and 3928?
8
Calculate the highest common divisor of 96 and 246.
6
What is the greatest common divisor of 11 and 55?
11
What is the highest common factor of 7715 and 15?
5
What is the greatest common divisor of 8745 and 660?
165
Calculate the greatest common factor of 21 and 777.
21
Calculate the highest common divisor of 3800 and 665.
95
Calculate the greatest common factor of 5 and 450.
5
Calculate the highest common divisor of 456 and 354.
6
What is the highest common divisor of 242 and 2?
2
Calculate the greatest common divisor of 10961 and 113.
113
Calculate the highest common factor of 590 and 944.
118
Calculate the highest common factor of 255 and 2535.
15
What is the greatest common divisor of 30 and 42?
6
What is the highest common divisor of 129 and 31?
1
What is the highest common factor of 30 and 1590?
30
What is the greatest common factor of 26 and 7618?
26
Calculate the greatest common divisor of 7266 and 84.
42
Calculate the greatest common divisor of 16 and 56.
8
What is the highest common divisor of 360 and 3870?
90
What is the greatest common factor of 45 and 75?
15
What is the greatest common factor of 1421 and 29?
29
Calculate the greatest common divisor of 23 and 106.
1
What is the highest common factor of 3296 and 48?
16
Calculate the highest common factor of 6754 and 44.
22
